{"id":1414,"date":"2016-02-12T07:54:41","date_gmt":"2016-02-12T07:54:41","guid":{"rendered":"http:\/\/demos.famethemes.com\/onepress\/?page_id=4"},"modified":"2025-08-18T08:16:03","modified_gmt":"2025-08-18T06:16:03","slug":"home","status":"publish","type":"page","link":"https:\/\/annakempinska.pl\/","title":{"rendered":"Home"},"content":{"rendered":"","protected":false},"excerpt":{"rendered":"","protected":false},"author":1,"featured_media":0,"parent":0,"menu_order":0,"comment_status":"closed","ping_status":"closed","template":"template-frontpage.php","meta":{"footnotes":""},"class_list":["post-1414","page","type-page","status-publish","hentry"],"yoast_head":"<!-- This site is optimized with the Yoast SEO plugin v20.1 - https:\/\/yoast.com\/wordpress\/plugins\/seo\/ -->\n<title>Prawnik dla firm Gliwice \u015al\u0105sk - Anna Kempi\u0144ska<\/title>\n<meta name=\"description\" content=\"AK Lexius doradztwo prawne dla sp\u00f3\u0142ek z o.o., os\u00f3b fizycznych w Gliwicach i \u015al\u0105sku. Obs\u0142uga prawna firm w dobrej cenie, zak\u0142adanie sp\u00f3\u0142ek, projekty uchwa\u0142, porady prawnika, przygotowanie pozw\u00f3w.\" \/>\n<meta name=\"robots\" content=\"index, follow, max-snippet:-1, max-image-preview:large, max-video-preview:-1\" \/>\n<link rel=\"canonical\" href=\"https:\/\/annakempinska.pl\/\" \/>\n<meta property=\"og:locale\" content=\"pl_PL\" \/>\n<meta property=\"og:type\" content=\"article\" \/>\n<meta property=\"og:title\" content=\"Prawnik dla firm Gliwice \u015al\u0105sk - Anna Kempi\u0144ska\" \/>\n<meta property=\"og:description\" content=\"AK Lexius doradztwo prawne dla sp\u00f3\u0142ek z o.o., os\u00f3b fizycznych w Gliwicach i \u015al\u0105sku. Obs\u0142uga prawna firm w dobrej cenie, zak\u0142adanie sp\u00f3\u0142ek, projekty uchwa\u0142, porady prawnika, przygotowanie pozw\u00f3w.\" \/>\n<meta property=\"og:url\" content=\"https:\/\/annakempinska.pl\/\" \/>\n<meta property=\"og:site_name\" content=\"AK Lexius Kancelaria Prawna\" \/>\n<meta property=\"article:modified_time\" content=\"2025-08-18T06:16:03+00:00\" \/>\n<meta name=\"twitter:card\" content=\"summary_large_image\" \/>\n<script type=\"application\/ld+json\" class=\"yoast-schema-graph\">{\"@context\":\"https:\/\/schema.org\",\"@graph\":[{\"@type\":\"WebPage\",\"@id\":\"https:\/\/annakempinska.pl\/\",\"url\":\"https:\/\/annakempinska.pl\/\",\"name\":\"Prawnik dla firm Gliwice \u015al\u0105sk - Anna Kempi\u0144ska\",\"isPartOf\":{\"@id\":\"https:\/\/annakempinska.pl\/#website\"},\"datePublished\":\"2016-02-12T07:54:41+00:00\",\"dateModified\":\"2025-08-18T06:16:03+00:00\",\"description\":\"AK Lexius doradztwo prawne dla sp\u00f3\u0142ek z o.o., os\u00f3b fizycznych w Gliwicach i \u015al\u0105sku. Obs\u0142uga prawna firm w dobrej cenie, zak\u0142adanie sp\u00f3\u0142ek, projekty uchwa\u0142, porady prawnika, przygotowanie pozw\u00f3w.\",\"breadcrumb\":{\"@id\":\"https:\/\/annakempinska.pl\/#breadcrumb\"},\"inLanguage\":\"pl-PL\",\"potentialAction\":[{\"@type\":\"ReadAction\",\"target\":[\"https:\/\/annakempinska.pl\/\"]}]},{\"@type\":\"BreadcrumbList\",\"@id\":\"https:\/\/annakempinska.pl\/#breadcrumb\",\"itemListElement\":[{\"@type\":\"ListItem\",\"position\":1,\"name\":\"Strona g\u0142\u00f3wna\",\"item\":\"https:\/\/annakempinska.pl\/\"},{\"@type\":\"ListItem\",\"position\":2,\"name\":\"Home\"}]},{\"@type\":\"WebSite\",\"@id\":\"https:\/\/annakempinska.pl\/#website\",\"url\":\"https:\/\/annakempinska.pl\/\",\"name\":\"AK Lexius Kancelaria Prawna\",\"description\":\"\",\"potentialAction\":[{\"@type\":\"SearchAction\",\"target\":{\"@type\":\"EntryPoint\",\"urlTemplate\":\"https:\/\/annakempinska.pl\/?s={search_term_string}\"},\"query-input\":\"required name=search_term_string\"}],\"inLanguage\":\"pl-PL\"}]}<\/script>\n<!-- \/ Yoast SEO plugin. -->","yoast_head_json":{"title":"Prawnik dla firm Gliwice \u015al\u0105sk - Anna Kempi\u0144ska","description":"AK Lexius doradztwo prawne dla sp\u00f3\u0142ek z o.o., os\u00f3b fizycznych w Gliwicach i \u015al\u0105sku. Obs\u0142uga prawna firm w dobrej cenie, zak\u0142adanie sp\u00f3\u0142ek, projekty uchwa\u0142, porady prawnika, przygotowanie pozw\u00f3w.","robots":{"index":"index","follow":"follow","max-snippet":"max-snippet:-1","max-image-preview":"max-image-preview:large","max-video-preview":"max-video-preview:-1"},"canonical":"https:\/\/annakempinska.pl\/","og_locale":"pl_PL","og_type":"article","og_title":"Prawnik dla firm Gliwice \u015al\u0105sk - Anna Kempi\u0144ska","og_description":"AK Lexius doradztwo prawne dla sp\u00f3\u0142ek z o.o., os\u00f3b fizycznych w Gliwicach i \u015al\u0105sku. Obs\u0142uga prawna firm w dobrej cenie, zak\u0142adanie sp\u00f3\u0142ek, projekty uchwa\u0142, porady prawnika, przygotowanie pozw\u00f3w.","og_url":"https:\/\/annakempinska.pl\/","og_site_name":"AK Lexius Kancelaria Prawna","article_modified_time":"2025-08-18T06:16:03+00:00","twitter_card":"summary_large_image","schema":{"@context":"https:\/\/schema.org","@graph":[{"@type":"WebPage","@id":"https:\/\/annakempinska.pl\/","url":"https:\/\/annakempinska.pl\/","name":"Prawnik dla firm Gliwice \u015al\u0105sk - Anna Kempi\u0144ska","isPartOf":{"@id":"https:\/\/annakempinska.pl\/#website"},"datePublished":"2016-02-12T07:54:41+00:00","dateModified":"2025-08-18T06:16:03+00:00","description":"AK Lexius doradztwo prawne dla sp\u00f3\u0142ek z o.o., os\u00f3b fizycznych w Gliwicach i \u015al\u0105sku. Obs\u0142uga prawna firm w dobrej cenie, zak\u0142adanie sp\u00f3\u0142ek, projekty uchwa\u0142, porady prawnika, przygotowanie pozw\u00f3w.","breadcrumb":{"@id":"https:\/\/annakempinska.pl\/#breadcrumb"},"inLanguage":"pl-PL","potentialAction":[{"@type":"ReadAction","target":["https:\/\/annakempinska.pl\/"]}]},{"@type":"BreadcrumbList","@id":"https:\/\/annakempinska.pl\/#breadcrumb","itemListElement":[{"@type":"ListItem","position":1,"name":"Strona g\u0142\u00f3wna","item":"https:\/\/annakempinska.pl\/"},{"@type":"ListItem","position":2,"name":"Home"}]},{"@type":"WebSite","@id":"https:\/\/annakempinska.pl\/#website","url":"https:\/\/annakempinska.pl\/","name":"AK Lexius Kancelaria Prawna","description":"","potentialAction":[{"@type":"SearchAction","target":{"@type":"EntryPoint","urlTemplate":"https:\/\/annakempinska.pl\/?s={search_term_string}"},"query-input":"required name=search_term_string"}],"inLanguage":"pl-PL"}]}},"_links":{"self":[{"href":"https:\/\/annakempinska.pl\/index.php?rest_route=\/wp\/v2\/pages\/1414","targetHints":{"allow":["GET"]}}],"collection":[{"href":"https:\/\/annakempinska.pl\/index.php?rest_route=\/wp\/v2\/pages"}],"about":[{"href":"https:\/\/annakempinska.pl\/index.php?rest_route=\/wp\/v2\/types\/page"}],"author":[{"embeddable":true,"href":"https:\/\/annakempinska.pl\/index.php?rest_route=\/wp\/v2\/users\/1"}],"replies":[{"embeddable":true,"href":"https:\/\/annakempinska.pl\/index.php?rest_route=%2Fwp%2Fv2%2Fcomments&post=1414"}],"version-history":[{"count":1,"href":"https:\/\/annakempinska.pl\/index.php?rest_route=\/wp\/v2\/pages\/1414\/revisions"}],"predecessor-version":[{"id":1630,"href":"https:\/\/annakempinska.pl\/index.php?rest_route=\/wp\/v2\/pages\/1414\/revisions\/1630"}],"wp:attachment":[{"href":"https:\/\/annakempinska.pl\/index.php?rest_route=%2Fwp%2Fv2%2Fmedia&parent=1414"}],"curies":[{"name":"wp","href":"https:\/\/api.w.org\/{rel}","templated":true}]}}